{"id":3915,"date":"2018-11-14T12:43:28","date_gmt":"2018-11-14T11:43:28","guid":{"rendered":"http:\/\/www.barret.coop\/cas\/?page_id=3915"},"modified":"2019-05-16T11:38:49","modified_gmt":"2019-05-16T09:38:49","slug":"politica-de-privacidad","status":"publish","type":"page","link":"https:\/\/www.barret.coop\/cas\/politica-de-privacidad\/","title":{"rendered":"Pol\u00edtica de privacidad"},"content":{"rendered":"<h2>Qui\u00e9nes somos<\/h2>\n<p>Este sitio web pertenece a Barret Cooperativa Valenciana. La direcci\u00f3n es: <a href=\"http:\/\/www.barret.coop\/cas\">http:\/\/www.barret.coop\/cas<\/a><\/p>\n<h2>Qu\u00e9 datos personales recogemos y por qu\u00e9<\/h2>\n<h3>Cookies<\/h3>\n<h4>\u00bfQu\u00e9 es una cookie?<\/h4>\n<p>Una cookie (<em>galleta<\/em>) es un archivo que env\u00eda informaci\u00f3n desde un sitio web y se almacena en tu navegador, de forma que el sitio web puede consultar tu actividad previa, con diversas finalidades: guardar preferencias de navegaci\u00f3n, recoger datos estad\u00edsticos, permitir algunas funcionalidades t\u00e9cnicas&#8230; Este sitio web utiliza cookies propias y de terceros.<\/p>\n<h4>Configuraci\u00f3n de las cookies<\/h4>\n<p>En el apartado de configuraci\u00f3n, tienes la posibilidad de aceptar o rechazar la instalaci\u00f3n de cookies. Adem\u00e1s, despu\u00e9s de cada sesi\u00f3n puedes eliminar todas o algunas de las cookies almacenadas.<\/p>\n<p>Tambi\u00e9n puedes activar la navegaci\u00f3n privada de tu navegador, de forma que deje de guardar el historial de navegaci\u00f3n, contrase\u00f1as de sitios web, cookies y otra informaci\u00f3n de las p\u00e1ginas que visitar.<\/p>\n<p>En la p\u00e1gina de ayuda de tu navegador puedes informarte de las diferentes opciones sobre la manera de gestionar las cookies.<\/p>\n<p>Tambi\u00e9n te recomendamos que visites el webdocumental <strong><a href=\"https:\/\/donottrack-doc.com\/en\/intro\/\" target=\"_blank\" rel=\"noopener noreferrer\">Do not track<\/a>\u00a0<\/strong>(en alem\u00e1n, ingl\u00e9s y franc\u00e9s), que habla sobre la privacidad en Internet.<\/p>\n<h4>Cookies propias<\/h4>\n<p>CatAccCookies: Confirma que has le\u00eddo nuestro aviso sobre el uso de cookies.<\/p>\n<p>of_current_opt, wp-saving-post, wp-settings-1, wp-settings-time-1: Cookies instaladas por WordPress, el sistema de gesti\u00f3n de contenidos que usamos para desarrollar este sitio web. <a href=\"https:\/\/wordpress.org\/about\/privacy\/cookies\/\" target=\"_blank\" rel=\"noopener noreferrer\">En este enlace<\/a> tienes m\u00e1s informaci\u00f3n.<\/p>\n<h4>Cookies de terceros<\/h4>\n<p>VISITOR_INFO1_LIVE, PREF, YSC (YouTube): Datos sobre la visualizaci\u00f3n de v\u00eddeos de YouTube y las preferencias del reproductor para ofrecer opciones por defecto (volumen, calidad, ancho de banda, etc.). En <a href=\"https:\/\/www.google.com\/intl\/ca\/policies\/technologies\/cookies\/\" target=\"_blank\" rel=\"noopener noreferrer\">este enlace<\/a> puedes consultar la pol\u00edtica de cookies de Google, propietaria de YouTube.<\/p>\n<p>Un mont\u00f3n de cookies de Vimeo, servicio de alojamiento de v\u00eddeos que usamos en la p\u00e1gina de algunos de los proyectos, y que detectan si est\u00e1s registrada como usuaria de Vimeo, y otras cosas. <a href=\"https:\/\/vimeo.com\/cookie_policy?vcid=32179\" target=\"_blank\" rel=\"noopener noreferrer\">Pol\u00edtica de cookies de Vimeo<\/a>.<\/p>\n<h3>Contenido incrustado de otros sitios web<\/h3>\n<p>Los art\u00edculos en esta p\u00e1gina web incluyen contenido incrustado (por ejemplo, v\u00eddeos, im\u00e1genes, art\u00edculos, etc.). El contenido incrustado desde otras p\u00e1ginas web se comporta exactamente de la misma manera que si el visitante estuviera visitando esa web.<\/p>\n<p>Estas p\u00e1ginas web pueden recoger datos sobre ti, utilizar cookies, incrustar seguimiento adicional de terceras partes, y monitorizar la interacci\u00f3n con el contenido incrustado.<\/p>\n<h3>Anal\u00edticas<\/h3>\n<p>Esta web no usa ning\u00fan servicio de anal\u00edticas.<\/p>\n","protected":false},"excerpt":{"rendered":"<p>Qui\u00e9nes somos Este sitio web pertenece a Barret Cooperativa Valenciana. La direcci\u00f3n es: http:\/\/www.barret.coop\/cas Qu\u00e9 datos personales recogemos y por qu\u00e9 Cookies \u00bfQu\u00e9 es una cookie? Una cookie (galleta) es un archivo que env\u00eda informaci\u00f3n desde un sitio web y se almacena en tu navegador, de forma que el sitio web puede consultar tu actividad&hellip;<\/p>\n","protected":false},"author":1,"featured_media":0,"parent":0,"menu_order":0,"comment_status":"closed","ping_status":"closed","template":"","meta":{"_acf_changed":false,"footnotes":""},"class_list":["post-3915","page","type-page","status-publish","hentry"],"acf":[],"_links":{"self":[{"href":"https:\/\/www.barret.coop\/cas\/wp-json\/wp\/v2\/pages\/3915","targetHints":{"allow":["GET"]}}],"collection":[{"href":"https:\/\/www.barret.coop\/cas\/wp-json\/wp\/v2\/pages"}],"about":[{"href":"https:\/\/www.barret.coop\/cas\/wp-json\/wp\/v2\/types\/page"}],"author":[{"embeddable":true,"href":"https:\/\/www.barret.coop\/cas\/wp-json\/wp\/v2\/users\/1"}],"replies":[{"embeddable":true,"href":"https:\/\/www.barret.coop\/cas\/wp-json\/wp\/v2\/comments?post=3915"}],"version-history":[{"count":12,"href":"https:\/\/www.barret.coop\/cas\/wp-json\/wp\/v2\/pages\/3915\/revisions"}],"predecessor-version":[{"id":4047,"href":"https:\/\/www.barret.coop\/cas\/wp-json\/wp\/v2\/pages\/3915\/revisions\/4047"}],"wp:attachment":[{"href":"https:\/\/www.barret.coop\/cas\/wp-json\/wp\/v2\/media?parent=3915"}],"curies":[{"name":"wp","href":"https:\/\/api.w.org\/{rel}","templated":true}]}}